se 6, what is -34 - 24?
-102
In base 5, what is 3 - -20321?
20324
In base 2, what is 10001 + -101001?
-11000
In base 16, what is -5 + 16f?
16a
In base 3, what is -12121 - -11?
-12110
In base 6, what is 0 + -303?
-303
In base 6, what is 130 + 155?
325
In base 2, what is 1010 - -1000010101?
1000011111
In base 12, what is -1a0 - -8?
-194
In base 11, what is 106 - -6?
111
In base 8, what is 506 - -3?
511
In base 2, what is 1010 - -1101?
10111
In base 11, what is -662 - 11?
-673
In base 15, what is -20 - 4?
-24
In base 12, what is -9 + -265?
-272
In base 4, what is -23 + -12301?
-12330
In base 3, what is 2 - -11?
20
In base 8, what is 4336 + -5?
4331
In base 13, what is -1 - -c?
b
In base 5, what is 10410 - 1?
10404
In base 9, what is 2 + 57?
60
In base 14, what is 1 + -130?
-12d
In base 16, what is 1 - e2?
-e1
In base 7, what is -1016 - -30?
-656
In base 7, what is -22 - -30?
5
In base 9, what is -404 + -13?
-417
In base 15, what is 16 + -93?
-7c
In base 12, what is 12 - 95?
-83
In base 13, what is 27 - 0?
27
In base 15, what is -2 + 5?
3
In base 4, what is -113 + -2?
-121
In base 8, what is 0 - -14244?
14244
In base 13, what is -1 + -11?
-12
In base 12, what is 10 + -60?
-50
In base 11, what is -5 + -4?
-9
In base 2, what is -110 + 100001?
11011
In base 4, what is 11 - 103010?
-102333
In base 13, what is -23 + 4?
-1c
In base 7, what is 43 - 4?
36
In base 16, what is -1b + -7?
-22
In base 14, what is 3ba + -12?
3a8
In base 15, what is -1 - 1461?
-1462
In base 4, what is 11 + -123?
-112
In base 11, what is -5a4 - 3?
-5a7
In base 8, what is 3 - -64?
67
In base 8, what is 274 + -17?
255
In base 9, what is -86 - 416?
-513
In base 2, what is -10010 - 0?
-10010
In base 14, what is -19 - 2b?
-46
In base 11, what is -5289 - -4?
-5285
In base 3, what is 11011222 + 10?
11012002
In base 11, what is 1 - -a?
10
In base 2, what is 101 - 1100101110?
-1100101001
In base 7, what is -256 - -3?
-253
In base 3, what is 10000 - 12?
2211
In base 13, what is -9 + 1c?
13
In base 2, what is 0 + -1011110?
-1011110
In base 13, what is -81 + -5?
-86
In base 5, what is -1300 + 0?
-1300
In base 9, what is -21 + 8?
-12
In base 8, what is 153 + -1?
152
In base 8, what is 50 - 354?
-304
In base 7, what is -430 + 31?
-366
In base 13, what is 0 - -9b2?
9b2
In base 13, what is -233 + -4?
-237
In base 5, what is 2042304 + 3?
2042312
In base 7, what is 5 + -230?
-222
In base 4, what is 132 - -1?
133
In base 12, what is -2 - 194?
-196
In base 11, what is 16 + -355?
-33a
In base 5, what is -14432 + 34?
-14343
In base 12, what is -4a + 0?
-4a
In base 11, what is -5 + 54?
4a
In base 14, what is -11165 + -3?
-11168
In base 7, what is 223 + 2?
225
In base 2, what is 10001 + -1011111?
-1001110
In base 12, what is 3b + 9?
48
In base 13, what is -1960 - 3?
-1963
In base 2, what is 101010 - 1110100?
-1001010
In base 8, what is 34 + 2?
36
In base 2, what is 1 + -101100?
-101011
In base 5, what is -2 + -200?
-202
In base 3, what is -221120122 + 11?
-221120111
In base 11, what is -3 - -61?
59
In base 10, what is -16416 + -1?
-16417
In base 8, what is -1 + -4616?
-4617
In base 11, what is 1 + 804?
805
In base 8, what is -16 + 21?
3
In base 7, what is 116 - 12?
104
In base 14, what is -2ad - -4?
-2a9
In base 14, what is 1 - 1b?
-1a
In base 10, what is 152 - -2?
154
In base 7, what is 1113 - -14?
1130
In base 15, what is 7 - -aa?
b2
In base 14, what is 3 + -1b?
-18
In base 9, what is -17 - 677?
-705
In base 14, what is -17 + -150?
-167
In base 5, what is -2410 - -230?
-2130
In base 15, what is -143 + -2?
-145
In base 5, what is 10 - 14202?
-14142
In base 4, what is -103100 - 10?
-103110
In base 2, what is -1000110 + -1111?
-1010101
In base 14, what is 4a + -78?
-2c
In base 7, what is -4 - 666?
-1003
In base 7, what is 251 - 222?
26
In base 6, what is 55 - -40?
135
In base 4, what is 13 - -2203?
2222
In base 7, what is 2215 - 4?
2211
In base 16, what is 2 - -128?
12a
In base 15, what is 0 + -2c94?
-2c94
In base 11, what is 99 - 23?
76
In base 11, what is 302 + -3?
2aa
In base 5, what is -3 + -4222?
-4230
In base 6, what is 4 + 525?
533
In base 13, what is -124 - 3?
-127
In base 2, what is -11 + 10001000000?
10000111101
In base 2, what is 1010010 + 0?
1010010
In base 12, what is 6 + -38?
-32
In base 3, what is 1000 + 11?
1011
In base 2, what is -101 + 11101001111?
11101001010
In base 2, what is -1000 - 1010?
-10010
In base 6, what is 3 + 150?
153
In base 7, what is -20 - -235?
215
In base 2, what is 101001010 + -1?
101001001
In base 11, what is -5 + 509?
504
In base 14, what is -78 + 19?
-5d
In base 12, what is 18 + 18?
34
In base 15, what is -5 + 50?
4a
In base 14, what is 3c55 - -5?
3c5a
In base 16, what is -b0 + 2?
-ae
In base 11, what is 247 - 0?
247
In base 9, what is 0 - 882?
-882
In base 13, what is -4 - 26c0?
-26c4
In base 6, what is -1034 + 1?
-1033
In base 3, what is 2022102 - -2?
2022111
In base 15, what is -4 + 73?
6e
In base 11, what is 271 - 2?
26a
In base 14, what is -4bb - -2?
-4b9
In base 12, what is -7b3 - -2?
-7b1
In base 12, what is -4baa - 1?
-4bab
In base 16, what is -ff + -2?
-101
In base 2, what is 1001110011 + 1?
1001110100
In base 3, what is 111 - -2?
120
In base 4, what is -10 + 10333?
10323
In base 5, what is -4 + 14221?
14212
In base 4, what is 113 - -2002?
2121
In base 4, what is 112 - 2?
110
In base 16, what is 9 + -2c0?
-2b7
In base 3, what is 112121 - 12?
112102
In base 10, what is -5 + -237?
-242
In base 2, what is 1000110011 + 0?
1000110011
In base 9, what is -72 - 1?
-73
In base 15, what is -87d + 0?
-87d
In base 7, what is 1 - 1103?
-1102
In base 16, what is 47 - -5?
4c
In base 8, what is 10 + 42?
52
In base 14, what is -4 - 24?
-28
In base 3, what is -220112 + 21?
-220021
In base 7, what is 3 - -12?
15
In base 11, what is 65 - -8?
72
In base 8, what is -20 + -15?
-35
In base 7, what is 64 + -1033?
-636
In base 5, what is -4024 + -4?
-4033
In base 7, what is 10 + -50?
-40
In base 14, what is -3 - c?
-11
In base 12, what is 1074 + 3?
1077
In base 10, what is -1453 + 5?
-1448
In base 8, what is 5 + 74?
101
In base 10, what is 6 - 39?
-33
In base 3, what is 11222 - 1021?
10201
In base 9, what is 30 - -2?
32
In base 15, what is 5c + -45?
17
In base 2, what is 1000000 - -10011?
1010011
In base 3, what is 2012 - -11?
2100
In base 3, what is 11 + -10201?
-10120
In base 7, what is 0 + -20365?
-20365
In base 7, what is -61625 + -3?
-61631
In base 11, what is 7 - 233?
-227
In base 4, what is 10133 - 13?
10120
In base 15, what is 5 + -a1?
-9b
In base 12, what is 21 - 541?
-520
In base 11, what is -19 + 3?
-16
In base 15, what is 16 - -143?
159
In base 2, what is -100100100011 + -11?
-100100100110
In base 16, what is 0 - -1e?
1e
In base 12, what is 57 + 18?
73
In base 5, what is 242 - -4?
301
In base 3, what is -122 - 12121?
-20020
In base 15, what is -2b76 - -4?
-2b72
In base 13, what is 2 - -15?
17
In base 12, what is -80 + -23?
-a3
In base 8, what is -11 + -7?
-20
In base 15, what is 14 - -19?
2d
In base 13, what is -81c + -3?
-822
In base 4, what is -10 - 2123?
-2133
In base 13, what is 3a + -3?
37
In base 2, what is -1 + 110001?
110000
In base 10, what is 49 - 4?
45
In base 13, what is -5 - -214?
20c
In base 15, what is -4 - 2b1?
-2b5
In base 10, what is -5 - -864?
859
In base 10, what is -1 + -222?
-223
In base 2, what is 11100111 + -10110?
11010001
In base 3, what is 10 + 2021?
2101
In base 5, what is 0 + 142?
142
In base 4, what is -1 + -3330?
-3331
In base 11, what is -38 + -2a?
-67
In base 8, what is -15 - 52?
-67
In base 11, what is -2a + 173?
144
In base 8, what is -32 - 1075?
-1127
In base 2, what is -1011001 - 11?
-1011100
In base 14, what is 72 + 9?
7b
In base 6, what is 5552 - -21?
10013
In base 15, what is -6 + 29d?
297
In base 3, what is 120 - 0?
120
In base 13, what is -16 - 3b?
-54
In base 12, what is -1 + -504?
-505
In base 10, what is -2228 + 4?
-2224
In base 12, what is -24 + -6?
-2a
In base 11, what is 21 + -34?
-13
In base 3, what is 2101 - 2211?
-110
In base 8, what is -30 - 5?
-35
In base 16, what is -39 - 4?
-3d
In base 7, what is 54 - -35?
122
In base 9, what is -250 + 5?
-244
In base 3, what is -2222 + 1122?
-1100
In base 5, what is 4 - 10310?
-10301
In base 12, what is 3 + 942?
945
In base 15, what is 5 + -3c?
-37
In base 5, what is 4 + 130?
